{"id":30,"date":"2014-11-25T10:05:48","date_gmt":"2014-11-25T10:05:48","guid":{"rendered":"http:\/\/webseite.psycho-berat.de\/?page_id=30"},"modified":"2026-05-05T12:54:46","modified_gmt":"2026-05-05T12:54:46","slug":"unser-angebot","status":"publish","type":"page","link":"https:\/\/pbs-eppelheim.de\/?page_id=30","title":{"rendered":"Unser Angebot"},"content":{"rendered":"<h3>Beratungsgrunds\u00e4tze<\/h3>\n<ul>\n<li>wir unterliegen der <span class=\"Cgreen\"><strong>Schweigepflicht<\/strong><\/span>. Pers\u00f6nliche Daten werden <strong class=\"Cgreen\">streng<\/strong>\u00a0<span class=\"Cgreen\"><strong>vertraulich<\/strong><\/span> behandelt<\/li>\n<li>der Besuch der Beratungsstelle sollte <span class=\"Cgreen\"><strong>freiwillig<\/strong><\/span> und aus <strong><span class=\"Cgreen\"> eigener Entscheidung<\/span><\/strong> erfolgen<\/li>\n<li>Beartungen sind <strong><span class=\"Cgreen\">kostenfrei<\/span><\/strong> (ein freiwilliger Kostenbeitrag wird gerne entgegengenommen)<\/li>\n<\/ul>\n<h3>\u00a0<strong><span class=\"Cgreen\"><img decoding=\"async\" class=\"fright\" src=\"https:\/\/www.pbs-eppelheim.de\/wp-content\/uploads\/2014\/12\/04e437df284807b3a7321ca6afeb9d01_Figuren-1-opt.jpg\" alt=\"Angebot\" width=\"150\" \/><\/span><\/strong><\/h3>\n<h3>Was Sie erwartet<\/h3>\n<p>Nachdem Sie mit uns Kontakt aufgenommen haben und zu einem Gespr\u00e4ch in die Beratungsstelle gekommen sind, versuchen wir uns mit Ihnen zusammen ein Bild von Ihrer Situation und Ihrem Anliegen zu machen. Gemeinsam mit Ihnen \u00fcberlegen wir, was das sinnvollste weitere Vorgehen ist.<\/p>\n<p>Dann k\u00f6nnen wir im weiteren Beratungsverlauf nach L\u00f6sungen und Ver\u00e4nderungsm\u00f6glichkeiten suchen, die f\u00fcr Sie und Ihre Familie passen. Dabei versuchen wir immer, Sie in der Nutzung Ihrer eigenen F\u00e4higkeiten und Kr\u00e4fte zu unterst\u00fctzen.<\/p>\n<p>Falls Sie das w\u00fcnschen, k\u00f6nnen wir auch Kontakt zu anderen Institutionen aufnehmen.<\/p>\n<p>Wie lange ein Beratungsverlauf dauert h\u00e4ngt auch stark von Ihrem Anliegen ab, im Schnitt ergibt sich ein Wert zwischen 1 und 10 Sitzungen, der nat\u00fcrlich individuell auch ganz anders aussehen kann.<\/p>\n<h3>Anmeldung<\/h3>\n<p>Bei der ersten Kontaktaufnahme bitten wir um <strong class=\"Cgreen\">telefonische Anmeldung<\/strong> unter<strong> 06221-765808<\/strong> in unserem Sekretariat in <strong>Eppelheim<\/strong><\/p>\n\n\n<p><\/p>\n","protected":false},"excerpt":{"rendered":"<p>Beratungsgrunds\u00e4tze wir unterliegen der Schweigepflicht. Pers\u00f6nliche Daten werden streng\u00a0vertraulich behandelt der Besuch der Beratungsstelle sollte freiwillig und aus eigener Entscheidung erfolgen Beartungen sind kostenfrei (ein freiwilliger Kostenbeitrag wird gerne entgegengenommen) \u00a0 Was Sie erwartet Nachdem Sie mit uns Kontakt aufgenommen haben und zu einem Gespr\u00e4ch in die Beratungsstelle gekommen sind, versuchen wir uns mit Ihnen [&hellip;]<\/p>\n","protected":false},"author":1,"featured_media":0,"parent":0,"menu_order":0,"comment_status":"closed","ping_status":"closed","template":"","meta":{"footnotes":""},"class_list":["post-30","page","type-page","status-publish","hentry"],"_links":{"self":[{"href":"https:\/\/pbs-eppelheim.de\/index.php?rest_route=\/wp\/v2\/pages\/30","targetHints":{"allow":["GET"]}}],"collection":[{"href":"https:\/\/pbs-eppelheim.de\/index.php?rest_route=\/wp\/v2\/pages"}],"about":[{"href":"https:\/\/pbs-eppelheim.de\/index.php?rest_route=\/wp\/v2\/types\/page"}],"author":[{"embeddable":true,"href":"https:\/\/pbs-eppelheim.de\/index.php?rest_route=\/wp\/v2\/users\/1"}],"replies":[{"embeddable":true,"href":"https:\/\/pbs-eppelheim.de\/index.php?rest_route=%2Fwp%2Fv2%2Fcomments&post=30"}],"version-history":[{"count":4,"href":"https:\/\/pbs-eppelheim.de\/index.php?rest_route=\/wp\/v2\/pages\/30\/revisions"}],"predecessor-version":[{"id":1328,"href":"https:\/\/pbs-eppelheim.de\/index.php?rest_route=\/wp\/v2\/pages\/30\/revisions\/1328"}],"wp:attachment":[{"href":"https:\/\/pbs-eppelheim.de\/index.php?rest_route=%2Fwp%2Fv2%2Fmedia&parent=30"}],"curies":[{"name":"wp","href":"https:\/\/api.w.org\/{rel}","templated":true}]}}