{"id":32,"date":"2014-11-25T10:13:00","date_gmt":"2014-11-25T10:13:00","guid":{"rendered":"http:\/\/webseite.psycho-berat.de\/?page_id=32"},"modified":"2014-12-16T10:46:28","modified_gmt":"2014-12-16T10:46:28","slug":"erziehungsberatung","status":"publish","type":"page","link":"https:\/\/pbs-eppelheim.de\/?page_id=32","title":{"rendered":"Erziehungsberatung"},"content":{"rendered":"<ul>\n<li>Unterst\u00fctzung von Kindern, Jugendlichen, Eltern und anderen Erziehungsberechtigten bei der Kl\u00e4rung und Bew\u00e4ltigung individueller und familienbezogener Probleme und der zugrunde liegenden Faktoren sowie bei der L\u00f6sung von Erziehungsfragen<\/li>\n<li>Beratung f\u00fcr Familien bei Auff\u00e4lligkeiten im Kindergarten und in der Schule, bei Fragen zur Entwicklung des Kindes, bei Krisen in Zeiten des \u00dcbergangs<br \/>\n(z.B. Einschulung, Pubert\u00e4t)<\/li>\n<li>Beratung bei Adoptions- und Pflegefamilien<img decoding=\"async\" class=\"fright\" src=\"https:\/\/www.pbs-eppelheim.de\/wp-content\/uploads\/2014\/12\/820c8ebe14a18fa74f4c9182a0f448bb_Figuren-2-opt.jpg\" alt=\"Erziehung\" width=\"150\" \/><\/li>\n<li>Hilfe f\u00fcr Eltern und Kinder bei der Bew\u00e4ltigung k\u00f6rperlicher und sexueller Gewalterfahrungen<\/li>\n<li>Informationen zu allgemeinen Fragen der Erziehung und Entwicklung junger Menschen<\/li>\n<\/ul>\n","protected":false},"excerpt":{"rendered":"<p>Unterst\u00fctzung von Kindern, Jugendlichen, Eltern und anderen Erziehungsberechtigten bei der Kl\u00e4rung und Bew\u00e4ltigung individueller und familienbezogener Probleme und der zugrunde liegenden Faktoren sowie bei der L\u00f6sung von Erziehungsfragen Beratung f\u00fcr Familien bei Auff\u00e4lligkeiten im Kindergarten und in der Schule, bei Fragen zur Entwicklung des Kindes, bei Krisen in Zeiten des \u00dcbergangs (z.B. Einschulung, Pubert\u00e4t) Beratung [&hellip;]<\/p>\n","protected":false},"author":1,"featured_media":0,"parent":30,"menu_order":0,"comment_status":"closed","ping_status":"closed","template":"","meta":{"footnotes":""},"class_list":["post-32","page","type-page","status-publish","hentry"],"_links":{"self":[{"href":"https:\/\/pbs-eppelheim.de\/index.php?rest_route=\/wp\/v2\/pages\/32","targetHints":{"allow":["GET"]}}],"collection":[{"href":"https:\/\/pbs-eppelheim.de\/index.php?rest_route=\/wp\/v2\/pages"}],"about":[{"href":"https:\/\/pbs-eppelheim.de\/index.php?rest_route=\/wp\/v2\/types\/page"}],"author":[{"embeddable":true,"href":"https:\/\/pbs-eppelheim.de\/index.php?rest_route=\/wp\/v2\/users\/1"}],"replies":[{"embeddable":true,"href":"https:\/\/pbs-eppelheim.de\/index.php?rest_route=%2Fwp%2Fv2%2Fcomments&post=32"}],"version-history":[{"count":2,"href":"https:\/\/pbs-eppelheim.de\/index.php?rest_route=\/wp\/v2\/pages\/32\/revisions"}],"predecessor-version":[{"id":347,"href":"https:\/\/pbs-eppelheim.de\/index.php?rest_route=\/wp\/v2\/pages\/32\/revisions\/347"}],"up":[{"embeddable":true,"href":"https:\/\/pbs-eppelheim.de\/index.php?rest_route=\/wp\/v2\/pages\/30"}],"wp:attachment":[{"href":"https:\/\/pbs-eppelheim.de\/index.php?rest_route=%2Fwp%2Fv2%2Fmedia&parent=32"}],"curies":[{"name":"wp","href":"https:\/\/api.w.org\/{rel}","templated":true}]}}