{"id":62,"date":"2014-11-25T11:23:09","date_gmt":"2014-11-25T11:23:09","guid":{"rendered":"http:\/\/webseite.psycho-berat.de\/?page_id=62"},"modified":"2014-11-25T11:23:09","modified_gmt":"2014-11-25T11:23:09","slug":"satzung","status":"publish","type":"page","link":"https:\/\/pbs-eppelheim.de\/?page_id=62","title":{"rendered":"Satzung"},"content":{"rendered":"<p>des Vereins<\/p>\n<h1><span style=\"text-decoration: underline;\">\u201eErziehungsberatung und Fr\u00fchhilfe f\u00fcr das Kind in Eppelheim und Umgebung e. V.\u201c<br \/>\n<\/span><\/h1>\n<p>\u00a7 1<\/p>\n<h1><span style=\"text-decoration: underline;\">Name, Sitz, und Zweck<br \/>\n<\/span><\/h1>\n<p>Der Verein f\u00fchrt den Namen \u201eErziehungsberatung und Fr\u00fchhilfe f\u00fcr das Kind in Eppelheim und Umgebung e. V.\u201c.<br \/>\nDer Verein ist in das Vereinsregister des Amtsgerichts Heidelberg einzutragen.<br \/>\nDer Verein hat seinen Sitz in Eppelheim.<br \/>\nZweck des Vereins ist die Tr\u00e4gerschaft einer Psychologischen Beratungsstelle f\u00fcr Eltern, Kinder und Jugendliche und der Fr\u00fchhilfe f\u00fcr das leicht behinderte Kind.<br \/>\nDer Verein arbeitet ausschlie\u00dflich und unmittelbar gemeinn\u00fctzig im sinne der \u00a7\u00a7 51 \u2013 68 AO 1977. Es darf keine Person durch Ausgaben, die dem Zweck des Vereins fremd sind, oder durch unverh\u00e4ltnism\u00e4\u00dfig hohe Verg\u00fctungen beg\u00fcnstigt werden.<\/p>\n<p>\u00a7 2<\/p>\n<h1><span style=\"text-decoration: underline;\">Mitgliedschaft<br \/>\n<\/span><\/h1>\n<p>Mitglieder des Vereins k\u00f6nnen werden:<br \/>\na)\u00a0\u00a0\u00a0\u00a0\u00a0\u00a0\u00a0 nat\u00fcrliche Personen, die das 18. Lebensjahr vollendet haben,<br \/>\nb)\u00a0\u00a0\u00a0\u00a0\u00a0\u00a0\u00a0 Gemeinden und Gebietsk\u00f6rperschaften,<br \/>\nc)\u00a0\u00a0\u00a0\u00a0\u00a0\u00a0\u00a0 sonstige \u00f6ffentlich rechtliche K\u00f6rperschaften,<br \/>\nd)\u00a0\u00a0\u00a0\u00a0\u00a0\u00a0\u00a0 juristische Personen des Privatrechts.<\/p>\n<p>Der Antrag auf Aufnahme in den Verein ist schriftlich beim Vorstand einzureichen. Der Vorstand entscheidet \u00fcber die Aufnahme. Gegen die Ablehnung kann die Entscheidung der Mitgliederversammlung verlangt werden.<br \/>\nDie Mitgliedschaft endet:<br \/>\na)\u00a0\u00a0\u00a0\u00a0\u00a0\u00a0\u00a0 durch Austritt, der zum Ende des Gesch\u00e4ftsjahres mit 3monatiger Frist erkl\u00e4rt werden \u00a0\u00a0\u00a0\u00a0\u00a0\u00a0 muss<br \/>\nb)\u00a0\u00a0\u00a0\u00a0\u00a0\u00a0\u00a0 durch Ausschluss, der insbesondere dann zul\u00e4ssig ist, wenn ein Mitglied gegen die Interessen des Vereins handelt \u2013 der Ausschluss bedarf der Beschlussfassung der \u00a0\u00a0\u00a0\u00a0\u00a0\u00a0 Mitgliederversammlung \u2013<br \/>\nc)\u00a0\u00a0\u00a0\u00a0\u00a0\u00a0\u00a0 durch Tod einer nat\u00fcrlichen Person<br \/>\nd)\u00a0\u00a0\u00a0\u00a0\u00a0\u00a0\u00a0 durch Aufl\u00f6sung einer juristischen Person der bei Einleitung des Konkurs- oder \u00a0\u00a0\u00a0\u00a0\u00a0\u00a0 gerichtlichen Vergleichsverfahrens \u00fcber deren Verm\u00f6gen.<\/p>\n<p>\u00a7 3<\/p>\n<h2><span style=\"text-decoration: underline;\">Rechte und Pflichten der Mitglieder<br \/>\n<\/span><\/h2>\n<p>Die Mitglieder haben das Recht, an den Mitgliederversammlungen teilzunehmen, Antr\u00e4ge zu stellen und das Stimmrecht auszu\u00fcben.<br \/>\nF\u00fcr die Gemeinden, K\u00f6rperschaften und juristischen Personen handelt deren gesetzlicher Vertreter. Der gesetzliche Vertreter kann sich durch eine mit Vollmacht versehene gesch\u00e4ftsf\u00e4hige Person vertreten lassen.<\/p>\n<p>Nat\u00fcrliche Personen als Mitglieder haben gleiches Stimmrecht. F\u00fcr die sonstigen Mitglieder wird das Stimmrecht erforderlichenfalls in einer Gesch\u00e4ftsordnung festgesetzt.<br \/>\nMitglieder haben die in der Mitgliederversammlung festgesetzten Beitr\u00e4ge zu leisten, soweit es sich um nat\u00fcrliche Personen handelt.<br \/>\nBeitr\u00e4ge anderer Mitglieder bed\u00fcrfen der Einzelvereinbarung.<\/p>\n<p>\u00a7 4<\/p>\n<h2><span style=\"text-decoration: underline;\">Gesch\u00e4ftsjahr<br \/>\n<\/span><\/h2>\n<p>Gesch\u00e4ftsjahr ist das Kalenderjahr.<\/p>\n<p>\u00a7 5<\/p>\n<h2><span style=\"text-decoration: underline;\">Organe des Vereins<br \/>\n<\/span><\/h2>\n<p>Organe des Vereins sind:<br \/>\na)\u00a0\u00a0\u00a0\u00a0\u00a0\u00a0\u00a0 die Mitgliederversammlung<br \/>\nb)\u00a0\u00a0\u00a0\u00a0\u00a0\u00a0\u00a0 der Vorstand<\/p>\n<p>\u00a7 6<\/p>\n<h2><span style=\"text-decoration: underline;\">Mitgliederversammlung<br \/>\n<\/span><\/h2>\n<p>Die ordentliche Mitgliederversammlung findet allj\u00e4hrlich in der ersten H\u00e4lfte des Kalenderjahres statt.<br \/>\nDie Mitgliederversammlung ist vom Vorstand unter Bekanntgabe der Tagesordnung mit einer Frist von zwei Woche einzuberufen. Die Einberufung erfolgt schriftlich.<\/p>\n<p>Der Mitgliederversammlung obliegen:<br \/>\n1.\u00a0\u00a0\u00a0\u00a0\u00a0\u00a0\u00a0\u00a0\u00a0\u00a0\u00a0\u00a0\u00a0\u00a0\u00a0\u00a0\u00a0 Verabschiedung von Richtlinien \u00fcber Organisation und T\u00e4tigkeit der Psychologischen \u00a0\u00a0\u00a0\u00a0\u00a0\u00a0\u00a0\u00a0\u00a0\u00a0\u00a0 Beratungsstelle f\u00fcr Eltern, Kinder und Jugendliche und der Fr\u00fchhilfe f\u00fcr das Kind.<br \/>\n2.\u00a0\u00a0\u00a0\u00a0\u00a0\u00a0\u00a0\u00a0\u00a0\u00a0\u00a0\u00a0\u00a0\u00a0\u00a0\u00a0\u00a0 Entgegennahme des T\u00e4tigkeitsberichtes des Vorstands.<br \/>\n3.\u00a0\u00a0\u00a0\u00a0\u00a0\u00a0\u00a0\u00a0\u00a0\u00a0\u00a0\u00a0\u00a0\u00a0\u00a0\u00a0\u00a0 Entgegennahme und Beschlussfassung \u00fcber Jahresrechnung und Bilanz.<br \/>\n4.\u00a0\u00a0\u00a0\u00a0\u00a0\u00a0\u00a0\u00a0\u00a0\u00a0\u00a0\u00a0\u00a0\u00a0\u00a0\u00a0\u00a0 Entgegennahme des Berichts der Kassenpr\u00fcfer.<br \/>\n5.\u00a0\u00a0\u00a0\u00a0\u00a0\u00a0\u00a0\u00a0\u00a0\u00a0\u00a0\u00a0\u00a0\u00a0\u00a0\u00a0\u00a0 Entlastung des Vorstands.<br \/>\n6.\u00a0\u00a0\u00a0\u00a0\u00a0\u00a0\u00a0\u00a0\u00a0\u00a0\u00a0\u00a0\u00a0\u00a0\u00a0\u00a0\u00a0 Beschlussfassung \u00fcber den Haushaltsplan.<br \/>\n7.\u00a0\u00a0\u00a0\u00a0\u00a0\u00a0\u00a0\u00a0\u00a0\u00a0\u00a0\u00a0\u00a0\u00a0\u00a0\u00a0\u00a0 Wahl des Vorstandes.<br \/>\n8.\u00a0\u00a0\u00a0\u00a0\u00a0\u00a0\u00a0\u00a0\u00a0\u00a0\u00a0\u00a0\u00a0\u00a0\u00a0\u00a0\u00a0 Entscheidung \u00fcber eingereichte Antr\u00e4ge.<br \/>\n9.\u00a0\u00a0\u00a0\u00a0\u00a0\u00a0\u00a0\u00a0\u00a0\u00a0\u00a0\u00a0\u00a0\u00a0\u00a0\u00a0\u00a0 Beschlussfassung \u00fcber eine \u00c4nderung der Satzung.<br \/>\n10.\u00a0\u00a0\u00a0\u00a0\u00a0\u00a0\u00a0\u00a0\u00a0\u00a0\u00a0\u00a0\u00a0 Beschlussfassung \u00fcber die Aufl\u00f6sung des Vereins.<\/p>\n<p>Beschl\u00fcsse zu den Ziffern 1 \u2013 8 werden mit einfacher Mehrheit der abgegebenen Stimmen gefasst. Ein Beschluss zu Ziffer 9 bedarf einer Mehrheit von \u00be der abgegebenen Stimmen. Ein Beschluss nach Ziffer 10 bedarf einer Mehrheit von \u00be aller stimmberechtigten Mitglieder. Eine au\u00dferordentliche Mitgliederversammlung wird vom Vorstand einberufen, wenn er dies f\u00fcr notwendig erachtet, oder wenn dies von mindestens 1\/3 der stimmberechtigten Mitglieder gefordert wird.<br \/>\n\u00a7 7<\/p>\n<h2><span style=\"text-decoration: underline;\">Vorstand<br \/>\n<\/span><\/h2>\n<p>Der Vorstand besteht aus 3 Mitgliedern, dem ersten Vorsitzenden, dem zweiten Vorsitzenden und dem Schatzmeister.<br \/>\nJeweils zwei Mitglieder des Vorstands vertreten den Verein gemeinsam sowohl gerichtlich wie au\u00dfergerichtlich.<br \/>\nIntern gilt, dass der erste Vorsitzende jeweils gemeinsam mit dem zweiten Vorsitzenden oder dem Schatzmeister handelt.<\/p>\n<p>\u00a7 8<\/p>\n<h2><span style=\"text-decoration: underline;\">Aufgaben des Vorstands<br \/>\n<\/span><\/h2>\n<p>Der Vorstand hat f\u00fcr die ordnungsgem\u00e4\u00dfe Durchf\u00fchrung aller dem Vereinszweck dienender Aufgaben zu sorgen.<br \/>\nDem Vorstand obliegt es, insbesondere Personal f\u00fcr die Wahrnehmung der Aufgaben der Psychologischen Beratungsstelle f\u00fcr Eltern, Kinder und Jugendliche und der Fr\u00fchhilfe f\u00fcr das Kind einzustellen.<br \/>\nDer Vorstand darf sich dabei nur im Rahmen des von der Mitgliederversammlung genehmigten Haushaltsplans bewegen.<br \/>\nIm \u00fcbrigen obliegt dem Vorstand die Wahrnehmung aller Aufgaben, die nicht der Mitgliederversammlung vorbehalten sind.<\/p>\n<p>\u00a7 9<\/p>\n<p><span style=\"text-decoration: underline;\">Der 1. Vorsitzende.<br \/>\n<\/span><br \/>\nDer 1. Vorsitzende leitet die Mitgliederversammlung sowie Sitzungen des Vorstands.<br \/>\nEr ist verantwortlich f\u00fcr die Anfertigung einer ordnungsgem\u00e4\u00dfen Niederschrift \u00fcber die stattgefunden Versammlungen und Sitzungen.<br \/>\nDazu wird jeweils ein Protokollf\u00fchrer bestimmt.<br \/>\nDer 1. Vorsitzende ist dienstlicher Vorgesetzter des vom Verein besch\u00e4ftigten Personals.<\/p>\n<p>\u00a7 10<\/p>\n<h2><span style=\"text-decoration: underline;\">Rechnungspr\u00fcfer<br \/>\n<\/span><\/h2>\n<p>Jahresrechnung und Bilanz sind vor Beschlussfassung in der Mitgliederversammlung entweder zwei Personen, die nicht dem Vorstand angeh\u00f6ren und von der Mitgliederversammlung gew\u00e4hlt werden, oder einer Institution der \u00f6ffentlichen Hand zur Pr\u00fcfung vorzulegen.<\/p>\n<p>\u00a7 11<\/p>\n<h2><span style=\"text-decoration: underline;\">Aufl\u00f6sung des Vereins<br \/>\n<\/span><\/h2>\n<p>Die Aufl\u00f6sung des Vereins kann nur in einer au\u00dferordentlichen Mitgliederversammlung, die ausdr\u00fccklich zu diesem Zwecke einberufen wurde, beschlossen werden.<br \/>\nDie Einladung zu einer solchen Mitgliederversammlung muss in dem Falle schriftlich erfolgen. Im Falle der Aufl\u00f6sung des Vereins f\u00e4llt das Vereinsverm\u00f6gen der Gemeinde Eppelheim zu und ist von dieser f\u00fcr satzungsgem\u00e4\u00dfe Zwecke zu verwenden.<\/p>\n<p>Eppelheim, 29.08.2002<\/p>\n","protected":false},"excerpt":{"rendered":"<p>des Vereins \u201eErziehungsberatung und Fr\u00fchhilfe f\u00fcr das Kind in Eppelheim und Umgebung e. V.\u201c \u00a7 1 Name, Sitz, und Zweck Der Verein f\u00fchrt den Namen \u201eErziehungsberatung und Fr\u00fchhilfe f\u00fcr das Kind in Eppelheim und Umgebung e. V.\u201c. Der Verein ist in das Vereinsregister des Amtsgerichts Heidelberg einzutragen. Der Verein hat seinen Sitz in Eppelheim. Zweck [&hellip;]<\/p>\n","protected":false},"author":1,"featured_media":0,"parent":58,"menu_order":0,"comment_status":"closed","ping_status":"closed","template":"","meta":{"footnotes":""},"class_list":["post-62","page","type-page","status-publish","hentry"],"_links":{"self":[{"href":"https:\/\/pbs-eppelheim.de\/index.php?rest_route=\/wp\/v2\/pages\/62","targetHints":{"allow":["GET"]}}],"collection":[{"href":"https:\/\/pbs-eppelheim.de\/index.php?rest_route=\/wp\/v2\/pages"}],"about":[{"href":"https:\/\/pbs-eppelheim.de\/index.php?rest_route=\/wp\/v2\/types\/page"}],"author":[{"embeddable":true,"href":"https:\/\/pbs-eppelheim.de\/index.php?rest_route=\/wp\/v2\/users\/1"}],"replies":[{"embeddable":true,"href":"https:\/\/pbs-eppelheim.de\/index.php?rest_route=%2Fwp%2Fv2%2Fcomments&post=62"}],"version-history":[{"count":1,"href":"https:\/\/pbs-eppelheim.de\/index.php?rest_route=\/wp\/v2\/pages\/62\/revisions"}],"predecessor-version":[{"id":63,"href":"https:\/\/pbs-eppelheim.de\/index.php?rest_route=\/wp\/v2\/pages\/62\/revisions\/63"}],"up":[{"embeddable":true,"href":"https:\/\/pbs-eppelheim.de\/index.php?rest_route=\/wp\/v2\/pages\/58"}],"wp:attachment":[{"href":"https:\/\/pbs-eppelheim.de\/index.php?rest_route=%2Fwp%2Fv2%2Fmedia&parent=62"}],"curies":[{"name":"wp","href":"https:\/\/api.w.org\/{rel}","templated":true}]}}