{"id":72,"date":"2014-11-25T11:25:20","date_gmt":"2014-11-25T11:25:20","guid":{"rendered":"http:\/\/webseite.psycho-berat.de\/?page_id=72"},"modified":"2026-05-04T14:17:51","modified_gmt":"2026-05-04T14:17:51","slug":"links-fuer-eltern","status":"publish","type":"page","link":"https:\/\/pbs-eppelheim.de\/?page_id=72","title":{"rendered":"Links f\u00fcr Eltern"},"content":{"rendered":"<p><a title=\"BKE-Elternberatung\" href=\"http:\/\/www.bke-elternberatung.de\" target=\"_blank\" rel=\"noopener\">BKE-Elternberatung<\/a><br \/>\nDie Bundeskonferenz f\u00fcr Erziehungsberatung (bke) bietet auch professionelle Beratung \u00fcber das Internet f\u00fcr Eltern mit Fragen und Problemen zur Erziehung\u00a0an. Die Online-Beratung ist wie die Beratung in den Erziehungs- und Familienberatungsstellen kostenfrei.<\/p>\n<p><a title=\"Das Elterntelefon\" href=\"http:\/\/www.nummergegenkummer.de\" target=\"_blank\" rel=\"noopener\">Nummer gegen Kummer<\/a><br \/>\nDie Internetseite des bundesweiten telefonischen Gespr\u00e4chs-, Beratungs- und Informationsangebots, das Kinder, Jugendliche, Eltern und andere Bezugspersonen kostenlos und anonym unterst\u00fctzten will.<\/p>\n<p><a title=\"Kinderbetreuungsdatenbank\" href=\"http:\/\/www.familienportal.de\/#\" target=\"_blank\" rel=\"noopener\">Familienportal<\/a><br \/>\nInformationen rund um die Familie vom Bundesministerium f\u00fcr Bildung, Familie, Senioren, Frauen und Jugend.<\/p>\n<p><a href=\"http:\/\/www.familienhandbuch.de\/\" target=\"_blank\" rel=\"noopener\">Familienhandbuch<\/a><br \/>\nUmfassende Informationen zu allen Themen rund um Kindererziehung, Partnerschaft und Familie vom Staatsinstitut f\u00fcr Fr\u00fchp\u00e4dagogik, M\u00fcnchen.<\/p>\n<p><a href=\"http:\/\/familienwegweiser-rnk.de\">Familienwegweiser<\/a><br \/>\nFamilien\u00adwegweiser mit Angeboten f\u00fcr werdende Eltern und Familien mit Kindern, z. B. Online-Seminare, Fr\u00fche Hilfen, Angebote f\u00fcr Alleinerziehende u.v.m.<\/p>\n<p><a href=\"https:\/\/www.stark-familie.info\/de\/\">STARK<\/a><br \/>\nStreit und Tren\u00adnung meis\u00adtern: All\u00adtags\u00adhil\u00adfen, Rat und Kon\u00adflikt\u00adl\u00f6\u00adsung.<\/p>\n<p><a href=\"http:\/\/getrennt-gemeinsam.de\">Getrennt Gemeinsam<\/a><br \/>\nMit der App f\u00fcr getrennt lebende Eltern k\u00f6nnen Termine koordiniert, Freizeitgestaltungen abgesprochen, Umgangszeiten geregelt und Unterlagen der gemeinsamen Kinder geteilt werden.<\/p>\n<p><a title=\"Arbeitskreis Neue Erziehung\" href=\"http:\/\/www.arbeitskreis-neue-erziehung.de\" target=\"_blank\" rel=\"noopener\">Arbeitskreis Neue Erziehung e.V.<\/a><br \/>\nder Arbeitskreis ist Herausgeber der (auch online verf\u00fcgbaren) <em>Elternbriefe,<\/em> die Hilfen und Anregungen zu einer Vielzahl von\u00a0Themen bieten. Die <em>Elternbriefe<\/em> sind auch in t\u00fcrkischer Sprache verf\u00fcgbar. In der Online-Datenbank BEN k\u00f6nnen Eltern bundewsweit nach Angeboten f\u00fcr Eltern und Familien recherchieren.<\/p>\n<p><a title=\"Kindergesundheit-Info\" href=\"http:\/\/www.kindergesundheit-info.de\" target=\"_blank\" rel=\"noopener\">Kindergesundheit-Info.de<\/a><br \/>\nHier finden Sie als Eltern und Fachkr\u00e4fte aktuelle und unabh\u00e4ngige Informationen rund um das Thema Gesundheit und Entwicklung von Kindern und Jugendlichen. Unter Rat &amp; Hilfe erhalten Sie n\u00fctzliche Hinweise zu vielen Fragen und Problemen des Familien- und Erziehungsalltags. F\u00fcr Kinder &amp; Jugendliche wird es ein eigenes Angebot geben mit Themen, die sie interessieren, zum Beispiel Spiele, Freunde, Party, Sport u.v.m.<\/p>\n<p><a href=\"http:\/\/www.vamv-bundesverband.de\/\" target=\"_blank\" rel=\"noopener\">Verband alleinerziehender M\u00fctter und V\u00e4ter<\/a><br \/>\nAlleinerziehende M\u00fctter und V\u00e4ter haben sich im Verband alleinerziehender M\u00fctter und V\u00e4ter (VAMV) zusammengeschlossen. Dort wird auf der Basis einer &#8222;Hilfe zur Selbsthilfe&#8220; Unterst\u00fctzung (z.B. bei Fragen des Unterhalts) geleistet.<\/p>\n<p><a href=\"http:\/\/www.verband-binationaler.de\/\" target=\"_blank\" rel=\"noopener\">Verband binationaler Familien und Partnerschaften<\/a><br \/>\nEltern, die aus unterschiedlichen Kulturen stammen, erhalten Unterst\u00fctzung vom Verband binationaler Familien und Partnerschaften (iaf e.V.). Er ber\u00e4t Frauen und M\u00e4nner in allen Fragen einer binationalen Beziehung.<\/p>\n<p>&nbsp;<\/p>\n","protected":false},"excerpt":{"rendered":"<p>BKE-Elternberatung Die Bundeskonferenz f\u00fcr Erziehungsberatung (bke) bietet auch professionelle Beratung \u00fcber das Internet f\u00fcr Eltern mit Fragen und Problemen zur Erziehung\u00a0an. Die Online-Beratung ist wie die Beratung in den Erziehungs- und Familienberatungsstellen kostenfrei. Nummer gegen Kummer Die Internetseite des bundesweiten telefonischen Gespr\u00e4chs-, Beratungs- und Informationsangebots, das Kinder, Jugendliche, Eltern und andere Bezugspersonen kostenlos und anonym [&hellip;]<\/p>\n","protected":false},"author":1,"featured_media":0,"parent":70,"menu_order":0,"comment_status":"closed","ping_status":"closed","template":"","meta":{"footnotes":""},"class_list":["post-72","page","type-page","status-publish","hentry"],"_links":{"self":[{"href":"https:\/\/pbs-eppelheim.de\/index.php?rest_route=\/wp\/v2\/pages\/72","targetHints":{"allow":["GET"]}}],"collection":[{"href":"https:\/\/pbs-eppelheim.de\/index.php?rest_route=\/wp\/v2\/pages"}],"about":[{"href":"https:\/\/pbs-eppelheim.de\/index.php?rest_route=\/wp\/v2\/types\/page"}],"author":[{"embeddable":true,"href":"https:\/\/pbs-eppelheim.de\/index.php?rest_route=\/wp\/v2\/users\/1"}],"replies":[{"embeddable":true,"href":"https:\/\/pbs-eppelheim.de\/index.php?rest_route=%2Fwp%2Fv2%2Fcomments&post=72"}],"version-history":[{"count":4,"href":"https:\/\/pbs-eppelheim.de\/index.php?rest_route=\/wp\/v2\/pages\/72\/revisions"}],"predecessor-version":[{"id":1266,"href":"https:\/\/pbs-eppelheim.de\/index.php?rest_route=\/wp\/v2\/pages\/72\/revisions\/1266"}],"up":[{"embeddable":true,"href":"https:\/\/pbs-eppelheim.de\/index.php?rest_route=\/wp\/v2\/pages\/70"}],"wp:attachment":[{"href":"https:\/\/pbs-eppelheim.de\/index.php?rest_route=%2Fwp%2Fv2%2Fmedia&parent=72"}],"curies":[{"name":"wp","href":"https:\/\/api.w.org\/{rel}","templated":true}]}}